on divisor of 500 and 40?
20
What is the greatest common divisor of 230 and 15755?
115
What is the highest common divisor of 1 and 5?
1
Calculate the highest common divisor of 207 and 36.
9
Calculate the greatest common divisor of 1 and 83.
1
Calculate the highest common divisor of 451 and 33.
11
Calculate the greatest common factor of 437 and 3036.
23
Calculate the highest common divisor of 20 and 140.
20
Calculate the greatest common divisor of 5 and 125.
5
Calculate the highest common divisor of 639 and 738.
9
Calculate the greatest common factor of 960 and 120.
120
Calculate the highest common divisor of 245 and 133035.
245
What is the greatest common factor of 27 and 1323?
27
Calculate the greatest common factor of 1480 and 160.
40
Calculate the highest common factor of 61 and 1159.
61
Calculate the greatest common factor of 21 and 22708.
7
What is the highest common factor of 45 and 1530?
45
What is the greatest common divisor of 2485 and 35?
35
Calculate the highest common divisor of 80 and 272.
16
What is the highest common factor of 34 and 12206?
34
Calculate the highest common factor of 102 and 663.
51
What is the greatest common factor of 200 and 144?
8
What is the greatest common divisor of 18 and 1422?
18
Calculate the greatest common divisor of 50 and 150.
50
Calculate the greatest common factor of 20 and 4.
4
Calculate the greatest common divisor of 232 and 4002.
58
Calculate the greatest common factor of 14 and 2177.
7
Calculate the highest common factor of 57 and 228.
57
What is the highest common divisor of 25856 and 202?
202
Calculate the greatest common factor of 60 and 3270.
30
Calculate the highest common factor of 69 and 92.
23
What is the highest common divisor of 81 and 6561?
81
What is the highest common divisor of 60 and 50?
10
Calculate the greatest common divisor of 30 and 125.
5
Calculate the highest common factor of 3481 and 118.
59
Calculate the highest common divisor of 305 and 122.
61
What is the highest common divisor of 385 and 693?
77
Calculate the highest common divisor of 1104 and 3036.
276
Calculate the greatest common divisor of 816 and 432.
48
Calculate the highest common factor of 304 and 64.
16
What is the highest common divisor of 57 and 114?
57
Calculate the highest common factor of 20 and 740.
20
Calculate the greatest common factor of 3197 and 828.
23
What is the highest common divisor of 489 and 3?
3
What is the highest common factor of 145 and 40?
5
Calculate the highest common divisor of 8938 and 1090.
218
Calculate the highest common factor of 6499 and 134.
67
What is the highest common factor of 2345 and 35?
35
Calculate the highest common divisor of 7 and 189.
7
What is the greatest common divisor of 167 and 501?
167
What is the greatest common factor of 43039 and 223?
223
Calculate the highest common factor of 8125 and 2600.
325
What is the highest common divisor of 12811 and 368?
23
What is the greatest common divisor of 447 and 2831?
149
Calculate the greatest common divisor of 368 and 32.
16
What is the greatest common divisor of 3225 and 60?
15
Calculate the greatest common factor of 40 and 310.
10
Calculate the highest common divisor of 162 and 8667.
81
What is the highest common factor of 15914 and 436?
218
Calculate the greatest common factor of 182 and 702.
26
Calculate the greatest common divisor of 1596 and 7068.
228
What is the highest common divisor of 22 and 1166?
22
Calculate the highest common factor of 436 and 12.
4
What is the highest common factor of 1178 and 62?
62
What is the highest common factor of 6485 and 15?
5
Calculate the highest common factor of 33 and 825.
33
Calculate the greatest common factor of 165 and 45.
15
What is the greatest common divisor of 897 and 39?
39
Calculate the greatest common divisor of 12 and 96.
12
What is the highest common divisor of 8 and 1500?
4
What is the greatest common divisor of 150 and 500?
50
Calculate the highest common divisor of 156 and 4.
4
Calculate the greatest common factor of 33702 and 246.
246
What is the greatest common factor of 69 and 3?
3
Calculate the highest common factor of 680 and 884.
68
What is the highest common divisor of 220 and 140?
20
Calculate the highest common factor of 13 and 5629.
13
What is the highest common divisor of 57 and 9?
3
What is the highest common factor of 7257 and 246?
123
What is the highest common divisor of 299 and 130?
13
What is the highest common factor of 174 and 957?
87
What is the highest common divisor of 45 and 80?
5
Calculate the highest common factor of 31483 and 19.
19
Calculate the greatest common divisor of 2163 and 21.
21
What is the highest common factor of 7172 and 44?
44
Calculate the highest common factor of 826 and 28.
14
Calculate the greatest common factor of 31064 and 88.
88
Calculate the highest common factor of 285 and 3675.
15
Calculate the highest common divisor of 432 and 18.
18
Calculate the highest common factor of 174 and 6.
6
What is the greatest common factor of 153 and 272?
17
Calculate the highest common factor of 864 and 378.
54
Calculate the highest common factor of 273 and 21.
21
Calculate the greatest common divisor of 14 and 3374.
14
What is the highest common divisor of 83200 and 325?
325
What is the greatest common divisor of 2 and 720?
2
Calculate the highest common factor of 341 and 33.
11
Calculate the greatest common divisor of 39 and 741.
39
What is the highest common factor of 369 and 574?
41
Calculate the highest common divisor of 56 and 18214.
14
Calculate the greatest common divisor of 154 and 704.
22
What is the greatest common divisor of 837 and 81?
27
What is the greatest common divisor of 53 and 53?
53
What is the highest common factor of 875 and 49?
7
What is the greatest common divisor of 704 and 11?
11
What is the highest common factor of 780 and 240?
60
What is the greatest common divisor of 5 and 2130?
5
What is the greatest common divisor of 171 and 247?
19
Calculate the highest common divisor of 987 and 564.
141
Calculate the highest common factor of 40 and 220.
20
Calculate the highest common factor of 685 and 5.
5
What is the highest common divisor of 1400 and 200?
200
Calculate the highest common factor of 84 and 18468.
12
What is the greatest common divisor of 184 and 688?
8
Calculate the highest common factor of 264 and 704.
88
What is the greatest common divisor of 8 and 172?
4
What is the greatest common divisor of 423 and 2350?
47
What is the greatest common factor of 16279 and 223?
223
Calculate the greatest common divisor of 45 and 1.
1
What is the greatest common factor of 87 and 116?
29
What is the greatest common factor of 546 and 78?
78
Calculate the highest common factor of 40 and 290.
10
What is the highest common factor of 552 and 759?
69
Calculate the highest common divisor of 539 and 2989.
49
Calculate the greatest common divisor of 135 and 15.
15
What is the greatest common factor of 62 and 24056?
62
Calculate the greatest common factor of 160 and 20.
20
What is the highest common divisor of 1518 and 198?
66
Calculate the highest common divisor of 2 and 674.
2
Calculate the highest common factor of 20 and 364.
4
Calculate the highest common factor of 1025 and 41.
41
What is the greatest common divisor of 344 and 3956?
172
What is the highest common factor of 136 and 8?
8
What is the greatest common divisor of 187 and 11?
11
What is the highest common factor of 1078 and 49?
49
Calculate the greatest common factor of 133 and 49.
7
Calculate the highest common divisor of 96 and 543.
3
What is the highest common factor of 413 and 118?
59
Calculate the greatest common divisor of 1 and 233.
1
Calculate the highest common divisor of 237 and 15.
3
Calculate the highest common factor of 1452 and 108.
12
Calculate the highest common divisor of 869 and 158.
79
Calculate the highest common divisor of 200 and 8.
8
Calculate the greatest common factor of 24618 and 198.
66
Calculate the highest common factor of 22 and 66.
22
Calculate the greatest common divisor of 340 and 595.
85
What is the greatest common divisor of 195 and 55?
5
What is the greatest common factor of 290 and 20?
10
What is the greatest common divisor of 665 and 19?
19
Calculate the greatest common divisor of 324 and 48.
12
What is the greatest 